{"id":111,"date":"2022-01-03T19:26:14","date_gmt":"2022-01-03T18:26:14","guid":{"rendered":"https:\/\/epccf.com\/?page_id=111"},"modified":"2025-06-26T13:25:59","modified_gmt":"2025-06-26T11:25:59","slug":"therapie-de-couple","status":"publish","type":"page","link":"https:\/\/epccf.com\/index.php\/therapie-de-couple\/","title":{"rendered":"Th\u00e9rapie de couple"},"content":{"rendered":"<div class=\"wp-block-image\">\n<figure class=\"aligncenter size-large\"><img loading=\"lazy\" decoding=\"async\" width=\"1024\" height=\"681\" src=\"https:\/\/epccf.com\/wp-content\/uploads\/2022\/01\/close-up-couple-arguing-in-therapy-1024x681.jpg\" alt=\"Emmanuel Panfil th\u00e9rapie de couple \u00e0 7040 Qu\u00e9vy-Le-Grand pr\u00e8s de Mons \/ Maubeuge\" class=\"wp-image-91\" srcset=\"https:\/\/epccf.com\/wp-content\/uploads\/2022\/01\/close-up-couple-arguing-in-therapy-1024x681.jpg 1024w, https:\/\/epccf.com\/wp-content\/uploads\/2022\/01\/close-up-couple-arguing-in-therapy-300x200.jpg 300w, https:\/\/epccf.com\/wp-content\/uploads\/2022\/01\/close-up-couple-arguing-in-therapy-768x511.jpg 768w, https:\/\/epccf.com\/wp-content\/uploads\/2022\/01\/close-up-couple-arguing-in-therapy.jpg 1500w\" sizes=\"auto, (max-width: 1024px) 100vw, 1024px\" \/><figcaption class=\"wp-element-caption\">https:\/\/fr.freepik.com\/photos\/famille\u00a0\u00bb&gt;Famille photo cr\u00e9\u00e9 par freepik &#8211; fr.freepik.com<\/figcaption><\/figure>\n<\/div>\n\n\n<h3 class=\"wp-block-heading\">Votre couple traverse une p\u00e9riode de crise et vous \u00e9prouvez des difficult\u00e9s \u00e0 surmonter celle-ci.<\/h3>\n\n\n\n<p>Dans toutes ces circonstances, gr\u00e2ce \u00e0 la th\u00e9rapie de couple, je vous accompagne pour vous aider \u00e0 prendre du recul, \u00e0 mieux comprendre ce que vous vivez, et \u00e0 retrouver un espace de dialogue respectueux et constructif.\u00a0<\/p>\n\n\n\n<h3 class=\"wp-block-heading\">Les objectifs de la th\u00e9rapie de couple<\/h3>\n\n\n\n<p>La th\u00e9rapie de couple a pour objectif principal d\u2019aider les partenaires \u00e0 mieux comprendre leur relation, \u00e0 r\u00e9soudre les conflits et \u00e0 renforcer leur lien affectif. Voici les objectifs les plus courants :<\/p>\n\n\n\n<h4 class=\"wp-block-heading\"><strong>1. Am\u00e9liorer la communication<\/strong><\/h4>\n\n\n\n<ul class=\"wp-block-list\">\n<li>Apprendre \u00e0 s\u2019\u00e9couter activement et \u00e0 s\u2019exprimer clairement.<\/li>\n\n\n\n<li>R\u00e9duire les malentendus et les conflits li\u00e9s \u00e0 une mauvaise communication.<\/li>\n<\/ul>\n\n\n\n<h4 class=\"wp-block-heading\"><strong>2. G\u00e9rer les conflits<\/strong><\/h4>\n\n\n\n<ul class=\"wp-block-list\">\n<li>Identifier les sources de tension r\u00e9currentes.<\/li>\n\n\n\n<li>Apprendre \u00e0 r\u00e9soudre les d\u00e9saccords de mani\u00e8re constructive.<\/li>\n<\/ul>\n\n\n\n<h4 class=\"wp-block-heading\"><strong>3. Renforcer l\u2019intimit\u00e9 et la connexion \u00e9motionnelle<\/strong><\/h4>\n\n\n\n<ul class=\"wp-block-list\">\n<li>Recr\u00e9er du lien, de la complicit\u00e9 et de la tendresse.<\/li>\n\n\n\n<li><a href=\"https:\/\/epccf.com\/index.php\/sexologie-clinique\/\">Travailler sur la sexualit\u00e9<\/a>, si cela fait partie des pr\u00e9occupations du couple.<\/li>\n<\/ul>\n\n\n\n<h4 class=\"wp-block-heading\"><strong>4. Comprendre les dynamiques relationnelles<\/strong><\/h4>\n\n\n\n<ul class=\"wp-block-list\">\n<li>Mettre en lumi\u00e8re les sch\u00e9mas r\u00e9p\u00e9titifs ou les blessures anciennes qui influencent la relation.<\/li>\n\n\n\n<li>Explorer les attentes, les besoins et les valeurs de chacun.<\/li>\n<\/ul>\n\n\n\n<h4 class=\"wp-block-heading\"><strong>5. Accompagner les transitions de vie<\/strong><\/h4>\n\n\n\n<ul class=\"wp-block-list\">\n<li>Faire face ensemble \u00e0 des \u00e9v\u00e9nements comme une naissance, un deuil, une infid\u00e9lit\u00e9, un d\u00e9m\u00e9nagement, etc.<\/li>\n<\/ul>\n\n\n\n<h4 class=\"wp-block-heading\"><strong>6. Prendre des d\u00e9cisions importantes<\/strong><\/h4>\n\n\n\n<ul class=\"wp-block-list\">\n<li>Clarifier si le couple souhaite continuer ensemble ou envisager une s\u00e9paration dans le respect mutuel.<\/li>\n<\/ul>\n\n\n\n<p><em>\u00ab Vous souhaitez en savoir plus ou prendre rendez-vous \u00e0 Qu\u00e9vy-Le-Grand ? Contactez-moi <a href=\"https:\/\/epccf.com\/index.php\/contact\/\">ici<\/a>. \u00bb<\/em><\/p>\n","protected":false},"excerpt":{"rendered":"<p>Votre couple traverse une p\u00e9riode de crise et vous \u00e9prouvez des difficult\u00e9s \u00e0 surmonter celle-ci. Dans toutes ces circonstances, gr\u00e2ce \u00e0 la th\u00e9rapie de couple, je vous accompagne pour vous aider \u00e0 prendre du recul, \u00e0 mieux comprendre ce que vous vivez, et \u00e0 retrouver un espace de dialogue respectueux et constructif.\u00a0 Les objectifs de&#8230;<\/p>\n","protected":false},"author":1,"featured_media":0,"parent":0,"menu_order":0,"comment_status":"closed","ping_status":"closed","template":"","meta":{"footnotes":""},"class_list":["post-111","page","type-page","status-publish","hentry"],"yoast_head":"<!-- This site is optimized with the Yoast SEO plugin v27.3 - https:\/\/yoast.com\/product\/yoast-seo-wordpress\/ -->\n<title>Th\u00e9rapie de couple Emmanuel Panfil 7040 Mons<\/title>\n<meta name=\"description\" content=\"Th\u00e9rapie de couple, quels sont les objectif ? Emmanuel Panfil th\u00e9rapie conjugal \u00e0 7040 Qu\u00e9vy-Le-Grand pr\u00e8s de Mons \/ Maubeuge\" \/>\n<meta name=\"robots\" content=\"index, follow, max-snippet:-1, max-image-preview:large, max-video-preview:-1\" \/>\n<link rel=\"canonical\" href=\"https:\/\/epccf.com\/index.php\/therapie-de-couple\/\" \/>\n<meta property=\"og:locale\" content=\"fr_FR\" \/>\n<meta property=\"og:type\" content=\"article\" \/>\n<meta property=\"og:title\" content=\"Th\u00e9rapie de couple Emmanuel Panfil 7040 Mons\" \/>\n<meta property=\"og:description\" content=\"Th\u00e9rapie de couple, quels sont les objectif ? Emmanuel Panfil th\u00e9rapie conjugal \u00e0 7040 Qu\u00e9vy-Le-Grand pr\u00e8s de Mons \/ Maubeuge\" \/>\n<meta property=\"og:url\" content=\"https:\/\/epccf.com\/index.php\/therapie-de-couple\/\" \/>\n<meta property=\"og:site_name\" content=\"Emmanuel Panfil\" \/>\n<meta property=\"article:publisher\" content=\"https:\/\/www.facebook.com\/emmanuel.panfil\" \/>\n<meta property=\"article:modified_time\" content=\"2025-06-26T11:25:59+00:00\" \/>\n<meta property=\"og:image\" content=\"https:\/\/epccf.com\/wp-content\/uploads\/2022\/01\/close-up-couple-arguing-in-therapy.jpg\" \/>\n\t<meta property=\"og:image:width\" content=\"1500\" \/>\n\t<meta property=\"og:image:height\" content=\"998\" \/>\n\t<meta property=\"og:image:type\" content=\"image\/jpeg\" \/>\n<meta name=\"twitter:card\" content=\"summary_large_image\" \/>\n<meta name=\"twitter:label1\" content=\"Dur\u00e9e de lecture estim\u00e9e\" \/>\n\t<meta name=\"twitter:data1\" content=\"2 minutes\" \/>\n<script type=\"application\/ld+json\" class=\"yoast-schema-graph\">{\"@context\":\"https:\\\/\\\/schema.org\",\"@graph\":[{\"@type\":\"WebPage\",\"@id\":\"https:\\\/\\\/epccf.com\\\/index.php\\\/therapie-de-couple\\\/\",\"url\":\"https:\\\/\\\/epccf.com\\\/index.php\\\/therapie-de-couple\\\/\",\"name\":\"Th\u00e9rapie de couple Emmanuel Panfil 7040 Mons\",\"isPartOf\":{\"@id\":\"https:\\\/\\\/epccf.com\\\/#website\"},\"primaryImageOfPage\":{\"@id\":\"https:\\\/\\\/epccf.com\\\/index.php\\\/therapie-de-couple\\\/#primaryimage\"},\"image\":{\"@id\":\"https:\\\/\\\/epccf.com\\\/index.php\\\/therapie-de-couple\\\/#primaryimage\"},\"thumbnailUrl\":\"https:\\\/\\\/epccf.com\\\/wp-content\\\/uploads\\\/2022\\\/01\\\/close-up-couple-arguing-in-therapy-1024x681.jpg\",\"datePublished\":\"2022-01-03T18:26:14+00:00\",\"dateModified\":\"2025-06-26T11:25:59+00:00\",\"description\":\"Th\u00e9rapie de couple, quels sont les objectif ? Emmanuel Panfil th\u00e9rapie conjugal \u00e0 7040 Qu\u00e9vy-Le-Grand pr\u00e8s de Mons \\\/ Maubeuge\",\"breadcrumb\":{\"@id\":\"https:\\\/\\\/epccf.com\\\/index.php\\\/therapie-de-couple\\\/#breadcrumb\"},\"inLanguage\":\"fr-FR\",\"potentialAction\":[{\"@type\":\"ReadAction\",\"target\":[\"https:\\\/\\\/epccf.com\\\/index.php\\\/therapie-de-couple\\\/\"]}]},{\"@type\":\"ImageObject\",\"inLanguage\":\"fr-FR\",\"@id\":\"https:\\\/\\\/epccf.com\\\/index.php\\\/therapie-de-couple\\\/#primaryimage\",\"url\":\"https:\\\/\\\/epccf.com\\\/wp-content\\\/uploads\\\/2022\\\/01\\\/close-up-couple-arguing-in-therapy.jpg\",\"contentUrl\":\"https:\\\/\\\/epccf.com\\\/wp-content\\\/uploads\\\/2022\\\/01\\\/close-up-couple-arguing-in-therapy.jpg\",\"width\":1500,\"height\":998},{\"@type\":\"BreadcrumbList\",\"@id\":\"https:\\\/\\\/epccf.com\\\/index.php\\\/therapie-de-couple\\\/#breadcrumb\",\"itemListElement\":[{\"@type\":\"ListItem\",\"position\":1,\"name\":\"Accueil\",\"item\":\"https:\\\/\\\/epccf.com\\\/\"},{\"@type\":\"ListItem\",\"position\":2,\"name\":\"Th\u00e9rapie de couple\"}]},{\"@type\":\"WebSite\",\"@id\":\"https:\\\/\\\/epccf.com\\\/#website\",\"url\":\"https:\\\/\\\/epccf.com\\\/\",\"name\":\"EPCCF\",\"description\":\"Th\u00e9rapie individuelle, du couple et de la famille - Sexologue clinicien\",\"publisher\":{\"@id\":\"https:\\\/\\\/epccf.com\\\/#organization\"},\"potentialAction\":[{\"@type\":\"SearchAction\",\"target\":{\"@type\":\"EntryPoint\",\"urlTemplate\":\"https:\\\/\\\/epccf.com\\\/?s={search_term_string}\"},\"query-input\":{\"@type\":\"PropertyValueSpecification\",\"valueRequired\":true,\"valueName\":\"search_term_string\"}}],\"inLanguage\":\"fr-FR\"},{\"@type\":\"Organization\",\"@id\":\"https:\\\/\\\/epccf.com\\\/#organization\",\"name\":\"Emmanuel Panfil conseiller conjugal et familial\",\"url\":\"https:\\\/\\\/epccf.com\\\/\",\"logo\":{\"@type\":\"ImageObject\",\"inLanguage\":\"fr-FR\",\"@id\":\"https:\\\/\\\/epccf.com\\\/#\\\/schema\\\/logo\\\/image\\\/\",\"url\":\"https:\\\/\\\/epccf.com\\\/wp-content\\\/uploads\\\/2022\\\/02\\\/logo2.png\",\"contentUrl\":\"https:\\\/\\\/epccf.com\\\/wp-content\\\/uploads\\\/2022\\\/02\\\/logo2.png\",\"width\":358,\"height\":317,\"caption\":\"Emmanuel Panfil conseiller conjugal et familial\"},\"image\":{\"@id\":\"https:\\\/\\\/epccf.com\\\/#\\\/schema\\\/logo\\\/image\\\/\"},\"sameAs\":[\"https:\\\/\\\/www.facebook.com\\\/emmanuel.panfil\",\"https:\\\/\\\/www.instagram.com\\\/panfil_emmanuel\\\/\"]}]}<\/script>\n<!-- \/ Yoast SEO plugin. -->","yoast_head_json":{"title":"Th\u00e9rapie de couple Emmanuel Panfil 7040 Mons","description":"Th\u00e9rapie de couple, quels sont les objectif ? Emmanuel Panfil th\u00e9rapie conjugal \u00e0 7040 Qu\u00e9vy-Le-Grand pr\u00e8s de Mons \/ Maubeuge","robots":{"index":"index","follow":"follow","max-snippet":"max-snippet:-1","max-image-preview":"max-image-preview:large","max-video-preview":"max-video-preview:-1"},"canonical":"https:\/\/epccf.com\/index.php\/therapie-de-couple\/","og_locale":"fr_FR","og_type":"article","og_title":"Th\u00e9rapie de couple Emmanuel Panfil 7040 Mons","og_description":"Th\u00e9rapie de couple, quels sont les objectif ? Emmanuel Panfil th\u00e9rapie conjugal \u00e0 7040 Qu\u00e9vy-Le-Grand pr\u00e8s de Mons \/ Maubeuge","og_url":"https:\/\/epccf.com\/index.php\/therapie-de-couple\/","og_site_name":"Emmanuel Panfil","article_publisher":"https:\/\/www.facebook.com\/emmanuel.panfil","article_modified_time":"2025-06-26T11:25:59+00:00","og_image":[{"width":1500,"height":998,"url":"https:\/\/epccf.com\/wp-content\/uploads\/2022\/01\/close-up-couple-arguing-in-therapy.jpg","type":"image\/jpeg"}],"twitter_card":"summary_large_image","twitter_misc":{"Dur\u00e9e de lecture estim\u00e9e":"2 minutes"},"schema":{"@context":"https:\/\/schema.org","@graph":[{"@type":"WebPage","@id":"https:\/\/epccf.com\/index.php\/therapie-de-couple\/","url":"https:\/\/epccf.com\/index.php\/therapie-de-couple\/","name":"Th\u00e9rapie de couple Emmanuel Panfil 7040 Mons","isPartOf":{"@id":"https:\/\/epccf.com\/#website"},"primaryImageOfPage":{"@id":"https:\/\/epccf.com\/index.php\/therapie-de-couple\/#primaryimage"},"image":{"@id":"https:\/\/epccf.com\/index.php\/therapie-de-couple\/#primaryimage"},"thumbnailUrl":"https:\/\/epccf.com\/wp-content\/uploads\/2022\/01\/close-up-couple-arguing-in-therapy-1024x681.jpg","datePublished":"2022-01-03T18:26:14+00:00","dateModified":"2025-06-26T11:25:59+00:00","description":"Th\u00e9rapie de couple, quels sont les objectif ? Emmanuel Panfil th\u00e9rapie conjugal \u00e0 7040 Qu\u00e9vy-Le-Grand pr\u00e8s de Mons \/ Maubeuge","breadcrumb":{"@id":"https:\/\/epccf.com\/index.php\/therapie-de-couple\/#breadcrumb"},"inLanguage":"fr-FR","potentialAction":[{"@type":"ReadAction","target":["https:\/\/epccf.com\/index.php\/therapie-de-couple\/"]}]},{"@type":"ImageObject","inLanguage":"fr-FR","@id":"https:\/\/epccf.com\/index.php\/therapie-de-couple\/#primaryimage","url":"https:\/\/epccf.com\/wp-content\/uploads\/2022\/01\/close-up-couple-arguing-in-therapy.jpg","contentUrl":"https:\/\/epccf.com\/wp-content\/uploads\/2022\/01\/close-up-couple-arguing-in-therapy.jpg","width":1500,"height":998},{"@type":"BreadcrumbList","@id":"https:\/\/epccf.com\/index.php\/therapie-de-couple\/#breadcrumb","itemListElement":[{"@type":"ListItem","position":1,"name":"Accueil","item":"https:\/\/epccf.com\/"},{"@type":"ListItem","position":2,"name":"Th\u00e9rapie de couple"}]},{"@type":"WebSite","@id":"https:\/\/epccf.com\/#website","url":"https:\/\/epccf.com\/","name":"EPCCF","description":"Th\u00e9rapie individuelle, du couple et de la famille - Sexologue clinicien","publisher":{"@id":"https:\/\/epccf.com\/#organization"},"potentialAction":[{"@type":"SearchAction","target":{"@type":"EntryPoint","urlTemplate":"https:\/\/epccf.com\/?s={search_term_string}"},"query-input":{"@type":"PropertyValueSpecification","valueRequired":true,"valueName":"search_term_string"}}],"inLanguage":"fr-FR"},{"@type":"Organization","@id":"https:\/\/epccf.com\/#organization","name":"Emmanuel Panfil conseiller conjugal et familial","url":"https:\/\/epccf.com\/","logo":{"@type":"ImageObject","inLanguage":"fr-FR","@id":"https:\/\/epccf.com\/#\/schema\/logo\/image\/","url":"https:\/\/epccf.com\/wp-content\/uploads\/2022\/02\/logo2.png","contentUrl":"https:\/\/epccf.com\/wp-content\/uploads\/2022\/02\/logo2.png","width":358,"height":317,"caption":"Emmanuel Panfil conseiller conjugal et familial"},"image":{"@id":"https:\/\/epccf.com\/#\/schema\/logo\/image\/"},"sameAs":["https:\/\/www.facebook.com\/emmanuel.panfil","https:\/\/www.instagram.com\/panfil_emmanuel\/"]}]}},"_links":{"self":[{"href":"https:\/\/epccf.com\/index.php\/wp-json\/wp\/v2\/pages\/111","targetHints":{"allow":["GET"]}}],"collection":[{"href":"https:\/\/epccf.com\/index.php\/wp-json\/wp\/v2\/pages"}],"about":[{"href":"https:\/\/epccf.com\/index.php\/wp-json\/wp\/v2\/types\/page"}],"author":[{"embeddable":true,"href":"https:\/\/epccf.com\/index.php\/wp-json\/wp\/v2\/users\/1"}],"replies":[{"embeddable":true,"href":"https:\/\/epccf.com\/index.php\/wp-json\/wp\/v2\/comments?post=111"}],"version-history":[{"count":17,"href":"https:\/\/epccf.com\/index.php\/wp-json\/wp\/v2\/pages\/111\/revisions"}],"predecessor-version":[{"id":878,"href":"https:\/\/epccf.com\/index.php\/wp-json\/wp\/v2\/pages\/111\/revisions\/878"}],"wp:attachment":[{"href":"https:\/\/epccf.com\/index.php\/wp-json\/wp\/v2\/media?parent=111"}],"curies":[{"name":"wp","href":"https:\/\/api.w.org\/{rel}","templated":true}]}}