{"id":54,"date":"2022-01-02T20:42:52","date_gmt":"2022-01-02T19:42:52","guid":{"rendered":"https:\/\/epccf.com\/?page_id=54"},"modified":"2026-03-20T11:37:57","modified_gmt":"2026-03-20T10:37:57","slug":"consultations","status":"publish","type":"page","link":"https:\/\/epccf.com\/index.php\/consultations\/","title":{"rendered":"Consultations"},"content":{"rendered":"\n<h2 class=\"wp-block-heading has-text-align-center has-large-font-size\">Conseil conjugal et familial<\/h2>\n\n\n\n<div class=\"wp-block-columns is-layout-flex wp-container-core-columns-is-layout-9d6595d7 wp-block-columns-is-layout-flex\">\n<div class=\"wp-block-column is-layout-flow wp-block-column-is-layout-flow\">\n<figure class=\"wp-block-image size-medium\"><img loading=\"lazy\" decoding=\"async\" width=\"300\" height=\"200\" src=\"https:\/\/epccf.com\/wp-content\/uploads\/2026\/03\/woman-and-counselor-talking-and-staying-close-1-300x200.webp\" alt=\"\" class=\"wp-image-1030\" srcset=\"https:\/\/epccf.com\/wp-content\/uploads\/2026\/03\/woman-and-counselor-talking-and-staying-close-1-300x200.webp 300w, https:\/\/epccf.com\/wp-content\/uploads\/2026\/03\/woman-and-counselor-talking-and-staying-close-1-768x513.webp 768w, https:\/\/epccf.com\/wp-content\/uploads\/2026\/03\/woman-and-counselor-talking-and-staying-close-1.webp 800w\" sizes=\"auto, (max-width: 300px) 100vw, 300px\" \/><\/figure>\n\n\n\n<h3 class=\"wp-block-heading has-text-align-center has-medium-font-size\">Individuellement<\/h3>\n<\/div>\n\n\n\n<div class=\"wp-block-column is-layout-flow wp-block-column-is-layout-flow\">\n<figure class=\"wp-block-image size-medium\"><a href=\"https:\/\/epccf.com\/index.php\/therapie-de-couple\/\"><img loading=\"lazy\" decoding=\"async\" width=\"300\" height=\"200\" src=\"https:\/\/epccf.com\/wp-content\/uploads\/2022\/01\/close-up-couple-arguing-in-therapy-300x200.jpg\" alt=\"Consultations de couple. Th\u00e9rapie de couple \u00e0 Qu\u00e9vy-Le-Grand pr\u00e8s de Mons \/ Maubeuge\" class=\"wp-image-91\" srcset=\"https:\/\/epccf.com\/wp-content\/uploads\/2022\/01\/close-up-couple-arguing-in-therapy-300x200.jpg 300w, https:\/\/epccf.com\/wp-content\/uploads\/2022\/01\/close-up-couple-arguing-in-therapy-1024x681.jpg 1024w, https:\/\/epccf.com\/wp-content\/uploads\/2022\/01\/close-up-couple-arguing-in-therapy-768x511.jpg 768w, https:\/\/epccf.com\/wp-content\/uploads\/2022\/01\/close-up-couple-arguing-in-therapy.jpg 1500w\" sizes=\"auto, (max-width: 300px) 100vw, 300px\" \/><\/a><\/figure>\n\n\n\n<h3 class=\"wp-block-heading has-text-align-center has-medium-font-size\">En couple<\/h3>\n<\/div>\n\n\n\n<div class=\"wp-block-column is-layout-flow wp-block-column-is-layout-flow\">\n<figure class=\"wp-block-image size-medium\"><a href=\"https:\/\/epccf.com\/index.php\/therapie-familiale\/\"><img loading=\"lazy\" decoding=\"async\" width=\"300\" height=\"200\" src=\"https:\/\/epccf.com\/wp-content\/uploads\/2022\/01\/consultation_familiale_miniature-300x200.jpg\" alt=\"Consultations familiales. Th\u00e9rapie familiale \u00e0 Qu\u00e9vy-Le-Grand pr\u00e8s de Mons \/ Maubeuge\" class=\"wp-image-127\" srcset=\"https:\/\/epccf.com\/wp-content\/uploads\/2022\/01\/consultation_familiale_miniature-300x200.jpg 300w, https:\/\/epccf.com\/wp-content\/uploads\/2022\/01\/consultation_familiale_miniature-1024x683.jpg 1024w, https:\/\/epccf.com\/wp-content\/uploads\/2022\/01\/consultation_familiale_miniature-768x512.jpg 768w, https:\/\/epccf.com\/wp-content\/uploads\/2022\/01\/consultation_familiale_miniature-1536x1024.jpg 1536w, https:\/\/epccf.com\/wp-content\/uploads\/2022\/01\/consultation_familiale_miniature-2048x1365.jpg 2048w\" sizes=\"auto, (max-width: 300px) 100vw, 300px\" \/><\/a><\/figure>\n\n\n\n<h3 class=\"wp-block-heading has-text-align-center has-medium-font-size\">En Famille<\/h3>\n<\/div>\n<\/div>\n\n\n\n<hr class=\"wp-block-separator has-alpha-channel-opacity\"\/>\n\n\n\n<h2 class=\"wp-block-heading has-text-align-center has-large-font-size\">Sexologie clinique<\/h2>\n\n\n<div class=\"wp-block-image\">\n<figure class=\"aligncenter size-medium\"><a href=\"https:\/\/epccf.com\/index.php\/sexologie-clinique\/\"><img loading=\"lazy\" decoding=\"async\" width=\"300\" height=\"200\" src=\"https:\/\/epccf.com\/wp-content\/uploads\/2025\/06\/femme-et-homme-assis-dans-le-lit-vue-de-dessus-300x200.jpg\" alt=\"Sexologie clinique \u00e0 Qu\u00e9vy-Le-Grand pr\u00e8s de Mons \/ Maubeuge\" class=\"wp-image-834\" srcset=\"https:\/\/epccf.com\/wp-content\/uploads\/2025\/06\/femme-et-homme-assis-dans-le-lit-vue-de-dessus-300x200.jpg 300w, https:\/\/epccf.com\/wp-content\/uploads\/2025\/06\/femme-et-homme-assis-dans-le-lit-vue-de-dessus-1024x683.jpg 1024w, https:\/\/epccf.com\/wp-content\/uploads\/2025\/06\/femme-et-homme-assis-dans-le-lit-vue-de-dessus-768x512.jpg 768w, https:\/\/epccf.com\/wp-content\/uploads\/2025\/06\/femme-et-homme-assis-dans-le-lit-vue-de-dessus-1536x1024.jpg 1536w, https:\/\/epccf.com\/wp-content\/uploads\/2025\/06\/femme-et-homme-assis-dans-le-lit-vue-de-dessus-2048x1365.jpg 2048w\" sizes=\"auto, (max-width: 300px) 100vw, 300px\" \/><\/a><\/figure>\n<\/div>\n\n\n<h3 class=\"wp-block-heading has-text-align-center has-medium-font-size\">Individuellement &#8211; En couple<\/h3>\n\n\n\n<hr class=\"wp-block-separator has-alpha-channel-opacity\"\/>\n\n\n\n<h2 class=\"wp-block-heading has-text-align-center has-large-font-size\">Approche psychocorporelle<\/h2>\n\n\n\n<div class=\"wp-block-columns is-layout-flex wp-container-core-columns-is-layout-9d6595d7 wp-block-columns-is-layout-flex\">\n<div class=\"wp-block-column is-layout-flow wp-block-column-is-layout-flow\"><div class=\"wp-block-image\">\n<figure class=\"aligncenter size-medium\"><a href=\"https:\/\/epccf.com\/index.php\/approches-psychocorporelles\/\"><img loading=\"lazy\" decoding=\"async\" width=\"300\" height=\"200\" src=\"https:\/\/epccf.com\/wp-content\/uploads\/2022\/01\/relax-1276639_640-300x200.jpg\" alt=\"Consultation psychocorporelle. \u00c0 Qu\u00e9vy-Le-Grand pr\u00e8s de Mons \/ Maubeuge\" class=\"wp-image-142\" srcset=\"https:\/\/epccf.com\/wp-content\/uploads\/2022\/01\/relax-1276639_640-300x200.jpg 300w, https:\/\/epccf.com\/wp-content\/uploads\/2022\/01\/relax-1276639_640.jpg 640w\" sizes=\"auto, (max-width: 300px) 100vw, 300px\" \/><\/a><\/figure>\n<\/div>\n\n\n<h2 class=\"wp-block-heading has-text-align-center has-medium-font-size\">Sophrologie &#8211; relaxation &#8211; gestion du stress<\/h2>\n<\/div>\n<\/div>\n","protected":false},"excerpt":{"rendered":"<p>Conseil conjugal et familial Individuellement En couple En Famille Sexologie clinique Individuellement &#8211; En couple Approche psychocorporelle Sophrologie &#8211; relaxation &#8211; gestion du stress<\/p>\n","protected":false},"author":1,"featured_media":0,"parent":0,"menu_order":0,"comment_status":"closed","ping_status":"closed","template":"","meta":{"footnotes":""},"class_list":["post-54","page","type-page","status-publish","hentry"],"yoast_head":"<!-- This site is optimized with the Yoast SEO plugin v27.3 - https:\/\/yoast.com\/product\/yoast-seo-wordpress\/ -->\n<title>Consultations - Emmanuel Panfil 7040 Mons<\/title>\n<meta name=\"description\" content=\"Consultations - Th\u00e9rapie individuelle, du couple et de la famille - Sexologie clinique \u00e0 7040 Qu\u00e9vy-Le-Grand pr\u00e8s de Mons \/ Maubeuge\" \/>\n<meta name=\"robots\" content=\"index, follow, max-snippet:-1, max-image-preview:large, max-video-preview:-1\" \/>\n<link rel=\"canonical\" href=\"https:\/\/epccf.com\/index.php\/consultations\/\" \/>\n<meta property=\"og:locale\" content=\"fr_FR\" \/>\n<meta property=\"og:type\" content=\"article\" \/>\n<meta property=\"og:title\" content=\"Consultations - Emmanuel Panfil 7040 Mons\" \/>\n<meta property=\"og:description\" content=\"Consultations - Th\u00e9rapie individuelle, du couple et de la famille - Sexologie clinique \u00e0 7040 Qu\u00e9vy-Le-Grand pr\u00e8s de Mons \/ Maubeuge\" \/>\n<meta property=\"og:url\" content=\"https:\/\/epccf.com\/index.php\/consultations\/\" \/>\n<meta property=\"og:site_name\" content=\"Emmanuel Panfil\" \/>\n<meta property=\"article:publisher\" content=\"https:\/\/www.facebook.com\/emmanuel.panfil\" \/>\n<meta property=\"article:modified_time\" content=\"2026-03-20T10:37:57+00:00\" \/>\n<meta property=\"og:image\" content=\"https:\/\/epccf.com\/wp-content\/uploads\/2026\/03\/woman-and-counselor-talking-and-staying-close-1.webp\" \/>\n\t<meta property=\"og:image:width\" content=\"800\" \/>\n\t<meta property=\"og:image:height\" content=\"534\" \/>\n\t<meta property=\"og:image:type\" content=\"image\/webp\" \/>\n<meta name=\"twitter:card\" content=\"summary_large_image\" \/>\n<meta name=\"twitter:label1\" content=\"Dur\u00e9e de lecture estim\u00e9e\" \/>\n\t<meta name=\"twitter:data1\" content=\"2 minutes\" \/>\n<script type=\"application\/ld+json\" class=\"yoast-schema-graph\">{\"@context\":\"https:\\\/\\\/schema.org\",\"@graph\":[{\"@type\":\"WebPage\",\"@id\":\"https:\\\/\\\/epccf.com\\\/index.php\\\/consultations\\\/\",\"url\":\"https:\\\/\\\/epccf.com\\\/index.php\\\/consultations\\\/\",\"name\":\"Consultations - Emmanuel Panfil 7040 Mons\",\"isPartOf\":{\"@id\":\"https:\\\/\\\/epccf.com\\\/#website\"},\"primaryImageOfPage\":{\"@id\":\"https:\\\/\\\/epccf.com\\\/index.php\\\/consultations\\\/#primaryimage\"},\"image\":{\"@id\":\"https:\\\/\\\/epccf.com\\\/index.php\\\/consultations\\\/#primaryimage\"},\"thumbnailUrl\":\"https:\\\/\\\/epccf.com\\\/wp-content\\\/uploads\\\/2026\\\/03\\\/woman-and-counselor-talking-and-staying-close-1-300x200.webp\",\"datePublished\":\"2022-01-02T19:42:52+00:00\",\"dateModified\":\"2026-03-20T10:37:57+00:00\",\"description\":\"Consultations - Th\u00e9rapie individuelle, du couple et de la famille - Sexologie clinique \u00e0 7040 Qu\u00e9vy-Le-Grand pr\u00e8s de Mons \\\/ Maubeuge\",\"breadcrumb\":{\"@id\":\"https:\\\/\\\/epccf.com\\\/index.php\\\/consultations\\\/#breadcrumb\"},\"inLanguage\":\"fr-FR\",\"potentialAction\":[{\"@type\":\"ReadAction\",\"target\":[\"https:\\\/\\\/epccf.com\\\/index.php\\\/consultations\\\/\"]}]},{\"@type\":\"ImageObject\",\"inLanguage\":\"fr-FR\",\"@id\":\"https:\\\/\\\/epccf.com\\\/index.php\\\/consultations\\\/#primaryimage\",\"url\":\"https:\\\/\\\/epccf.com\\\/wp-content\\\/uploads\\\/2026\\\/03\\\/woman-and-counselor-talking-and-staying-close-1.webp\",\"contentUrl\":\"https:\\\/\\\/epccf.com\\\/wp-content\\\/uploads\\\/2026\\\/03\\\/woman-and-counselor-talking-and-staying-close-1.webp\",\"width\":800,\"height\":534},{\"@type\":\"BreadcrumbList\",\"@id\":\"https:\\\/\\\/epccf.com\\\/index.php\\\/consultations\\\/#breadcrumb\",\"itemListElement\":[{\"@type\":\"ListItem\",\"position\":1,\"name\":\"Accueil\",\"item\":\"https:\\\/\\\/epccf.com\\\/\"},{\"@type\":\"ListItem\",\"position\":2,\"name\":\"Consultations\"}]},{\"@type\":\"WebSite\",\"@id\":\"https:\\\/\\\/epccf.com\\\/#website\",\"url\":\"https:\\\/\\\/epccf.com\\\/\",\"name\":\"EPCCF\",\"description\":\"Th\u00e9rapie individuelle, du couple et de la famille - Sexologue clinicien\",\"publisher\":{\"@id\":\"https:\\\/\\\/epccf.com\\\/#organization\"},\"potentialAction\":[{\"@type\":\"SearchAction\",\"target\":{\"@type\":\"EntryPoint\",\"urlTemplate\":\"https:\\\/\\\/epccf.com\\\/?s={search_term_string}\"},\"query-input\":{\"@type\":\"PropertyValueSpecification\",\"valueRequired\":true,\"valueName\":\"search_term_string\"}}],\"inLanguage\":\"fr-FR\"},{\"@type\":\"Organization\",\"@id\":\"https:\\\/\\\/epccf.com\\\/#organization\",\"name\":\"Emmanuel Panfil conseiller conjugal et familial\",\"url\":\"https:\\\/\\\/epccf.com\\\/\",\"logo\":{\"@type\":\"ImageObject\",\"inLanguage\":\"fr-FR\",\"@id\":\"https:\\\/\\\/epccf.com\\\/#\\\/schema\\\/logo\\\/image\\\/\",\"url\":\"https:\\\/\\\/epccf.com\\\/wp-content\\\/uploads\\\/2022\\\/02\\\/logo2.png\",\"contentUrl\":\"https:\\\/\\\/epccf.com\\\/wp-content\\\/uploads\\\/2022\\\/02\\\/logo2.png\",\"width\":358,\"height\":317,\"caption\":\"Emmanuel Panfil conseiller conjugal et familial\"},\"image\":{\"@id\":\"https:\\\/\\\/epccf.com\\\/#\\\/schema\\\/logo\\\/image\\\/\"},\"sameAs\":[\"https:\\\/\\\/www.facebook.com\\\/emmanuel.panfil\",\"https:\\\/\\\/www.instagram.com\\\/panfil_emmanuel\\\/\"]}]}<\/script>\n<!-- \/ Yoast SEO plugin. -->","yoast_head_json":{"title":"Consultations - Emmanuel Panfil 7040 Mons","description":"Consultations - Th\u00e9rapie individuelle, du couple et de la famille - Sexologie clinique \u00e0 7040 Qu\u00e9vy-Le-Grand pr\u00e8s de Mons \/ Maubeuge","robots":{"index":"index","follow":"follow","max-snippet":"max-snippet:-1","max-image-preview":"max-image-preview:large","max-video-preview":"max-video-preview:-1"},"canonical":"https:\/\/epccf.com\/index.php\/consultations\/","og_locale":"fr_FR","og_type":"article","og_title":"Consultations - Emmanuel Panfil 7040 Mons","og_description":"Consultations - Th\u00e9rapie individuelle, du couple et de la famille - Sexologie clinique \u00e0 7040 Qu\u00e9vy-Le-Grand pr\u00e8s de Mons \/ Maubeuge","og_url":"https:\/\/epccf.com\/index.php\/consultations\/","og_site_name":"Emmanuel Panfil","article_publisher":"https:\/\/www.facebook.com\/emmanuel.panfil","article_modified_time":"2026-03-20T10:37:57+00:00","og_image":[{"width":800,"height":534,"url":"https:\/\/epccf.com\/wp-content\/uploads\/2026\/03\/woman-and-counselor-talking-and-staying-close-1.webp","type":"image\/webp"}],"twitter_card":"summary_large_image","twitter_misc":{"Dur\u00e9e de lecture estim\u00e9e":"2 minutes"},"schema":{"@context":"https:\/\/schema.org","@graph":[{"@type":"WebPage","@id":"https:\/\/epccf.com\/index.php\/consultations\/","url":"https:\/\/epccf.com\/index.php\/consultations\/","name":"Consultations - Emmanuel Panfil 7040 Mons","isPartOf":{"@id":"https:\/\/epccf.com\/#website"},"primaryImageOfPage":{"@id":"https:\/\/epccf.com\/index.php\/consultations\/#primaryimage"},"image":{"@id":"https:\/\/epccf.com\/index.php\/consultations\/#primaryimage"},"thumbnailUrl":"https:\/\/epccf.com\/wp-content\/uploads\/2026\/03\/woman-and-counselor-talking-and-staying-close-1-300x200.webp","datePublished":"2022-01-02T19:42:52+00:00","dateModified":"2026-03-20T10:37:57+00:00","description":"Consultations - Th\u00e9rapie individuelle, du couple et de la famille - Sexologie clinique \u00e0 7040 Qu\u00e9vy-Le-Grand pr\u00e8s de Mons \/ Maubeuge","breadcrumb":{"@id":"https:\/\/epccf.com\/index.php\/consultations\/#breadcrumb"},"inLanguage":"fr-FR","potentialAction":[{"@type":"ReadAction","target":["https:\/\/epccf.com\/index.php\/consultations\/"]}]},{"@type":"ImageObject","inLanguage":"fr-FR","@id":"https:\/\/epccf.com\/index.php\/consultations\/#primaryimage","url":"https:\/\/epccf.com\/wp-content\/uploads\/2026\/03\/woman-and-counselor-talking-and-staying-close-1.webp","contentUrl":"https:\/\/epccf.com\/wp-content\/uploads\/2026\/03\/woman-and-counselor-talking-and-staying-close-1.webp","width":800,"height":534},{"@type":"BreadcrumbList","@id":"https:\/\/epccf.com\/index.php\/consultations\/#breadcrumb","itemListElement":[{"@type":"ListItem","position":1,"name":"Accueil","item":"https:\/\/epccf.com\/"},{"@type":"ListItem","position":2,"name":"Consultations"}]},{"@type":"WebSite","@id":"https:\/\/epccf.com\/#website","url":"https:\/\/epccf.com\/","name":"EPCCF","description":"Th\u00e9rapie individuelle, du couple et de la famille - Sexologue clinicien","publisher":{"@id":"https:\/\/epccf.com\/#organization"},"potentialAction":[{"@type":"SearchAction","target":{"@type":"EntryPoint","urlTemplate":"https:\/\/epccf.com\/?s={search_term_string}"},"query-input":{"@type":"PropertyValueSpecification","valueRequired":true,"valueName":"search_term_string"}}],"inLanguage":"fr-FR"},{"@type":"Organization","@id":"https:\/\/epccf.com\/#organization","name":"Emmanuel Panfil conseiller conjugal et familial","url":"https:\/\/epccf.com\/","logo":{"@type":"ImageObject","inLanguage":"fr-FR","@id":"https:\/\/epccf.com\/#\/schema\/logo\/image\/","url":"https:\/\/epccf.com\/wp-content\/uploads\/2022\/02\/logo2.png","contentUrl":"https:\/\/epccf.com\/wp-content\/uploads\/2022\/02\/logo2.png","width":358,"height":317,"caption":"Emmanuel Panfil conseiller conjugal et familial"},"image":{"@id":"https:\/\/epccf.com\/#\/schema\/logo\/image\/"},"sameAs":["https:\/\/www.facebook.com\/emmanuel.panfil","https:\/\/www.instagram.com\/panfil_emmanuel\/"]}]}},"_links":{"self":[{"href":"https:\/\/epccf.com\/index.php\/wp-json\/wp\/v2\/pages\/54","targetHints":{"allow":["GET"]}}],"collection":[{"href":"https:\/\/epccf.com\/index.php\/wp-json\/wp\/v2\/pages"}],"about":[{"href":"https:\/\/epccf.com\/index.php\/wp-json\/wp\/v2\/types\/page"}],"author":[{"embeddable":true,"href":"https:\/\/epccf.com\/index.php\/wp-json\/wp\/v2\/users\/1"}],"replies":[{"embeddable":true,"href":"https:\/\/epccf.com\/index.php\/wp-json\/wp\/v2\/comments?post=54"}],"version-history":[{"count":30,"href":"https:\/\/epccf.com\/index.php\/wp-json\/wp\/v2\/pages\/54\/revisions"}],"predecessor-version":[{"id":1041,"href":"https:\/\/epccf.com\/index.php\/wp-json\/wp\/v2\/pages\/54\/revisions\/1041"}],"wp:attachment":[{"href":"https:\/\/epccf.com\/index.php\/wp-json\/wp\/v2\/media?parent=54"}],"curies":[{"name":"wp","href":"https:\/\/api.w.org\/{rel}","templated":true}]}}